= -234, 4*d + 57*l = 53*l + 232. Calculate the highest common divisor of d and y.
15
Suppose 6*u - 14 = 2*u - i, 2*u - i - 4 = 0. Suppose -2*n + 85 = -u. What is the highest common factor of n and 4?
4
Let f(x) = -19*x**2 + x + 2. Let h be f(-1). Let z be ((-15)/2)/(h/456). Let v = z + -29. Calculate the highest common divisor of 23 and v.
23
Let m = 36 - 8. What is the highest common divisor of m and 868?
28
Let u(v) = -41*v**3 - 6*v**2 - 3*v + 2. Let c be u(-1). What is the greatest common divisor of 56 and c?
8
Suppose 0*t = 2*t - 2. Let s be 4/((-36)/90*20/(-6)). Calculate the highest common factor of s and t.
1
Let j = -9 - -21. Let a = j - 1. Let m be (-3)/9*-3*a. Calculate the highest common divisor of m and 1.
1
Let p(u) = 2*u**3 - 8*u**2 + 6*u + 12. Let r be p(4). What is the greatest common factor of r and 4?
4
Let v be 9*((-12)/(-4) + -2). Suppose v = p - 5. What is the highest common divisor of p and 7?
7
Let s = -38 - -42. Let f(u) = u**3 - 5*u**2 + 3*u + 3. Let b be f(3). Let v = b + 7. Calculate the highest common divisor of v and s.
1
Let t be (3 - 3) + 8*10. Suppose 139*j = 140*j - 20. Calculate the greatest common divisor of t and j.
20
Suppose 4*b = 2*k + 40, -48 = -4*b + k - 12. Let a be (-3 - (-2)/6)/(24/(-18)). What is the highest common divisor of b and a?
2
Let a = 1624 + 1253. What is the highest common factor of a and 42?
21
Let x be 7/(-3)*5*(-6)/2. What is the highest common divisor of 35 and x?
35
Let l(i) = 2*i**2 + 4*i - 11. Let r(u) = -u**2 + u + 1. Let z(v) = -l(v) - 3*r(v). Let g be z(8). Calculate the greatest common divisor of 112 and g.
16
Let o be 3/(-12) - 644/(-16). Let v be ((-2)/(-5))/(2/10). Let c be (-8)/((-1)/2*v). What is the highest common divisor of o and c?
8
Let x(r) = -r**2 - 2*r + 8. Let i(k) = 2*k**2 + k - 7. Let u(q) = 3*i(q) + 2*x(q). Let f be u(-2). Calculate the greatest common divisor of 13 and f.
13
Suppose -1966 = -9*o + 14. Calculate the greatest common divisor of 20 and o.
20
Let l = 953 + -944. Calculate the greatest common divisor of 141 and l.
3
Let y(w) be the third derivative of -w**4/24 - 17*w**3/6 - 7*w**2. Let h be y(12). Let m = 49 + h. What is the greatest common factor of m and 40?
20
Suppose 5*f - 8 = 4*r, -r - 2 - 7 = -3*f. Calculate the greatest common factor of f and 10.
2
Suppose -6*x + 0*x - 78 = 0. Let w(b) be the first derivative of -b**2 - 10*b + 4. Let v be w(x). Calculate the highest common divisor of v and 16.
16
Let y = 3 + 1. Let a be 52/((-15)/(-24) + 1/(-8)). Suppose -y*f + a = -28. What is the greatest common factor of 3 and f?
3
Let g(u) = u**3 - 3*u**2 + u + 1. Let l be g(3). Suppose 0*v + m - 156 = -5*v, 4*m - 112 = -l*v. Calculate the greatest common factor of 80 and v.
16
Let q(w) be the third derivative of w**6/120 + 2*w**5/15 - w**4/12 - 7*w**2. Let c be q(-8). Calculate the highest common factor of c and 144.
16
Suppose -4*m + f = 2*f - 6, 3*f + 12 = 3*m. Let x be m + 87 + (2 - 4). Let g = -35 + x. What is the greatest common factor of g and 13?
13
Let p(o) = 7*o**2 - o - 3. Let t(d) = 1. Let v(l) = p(l) + 4*t(l). Let j be 3/5 + 161/(-35). Let u be v(j). What is the greatest common divisor of 13 and u?
13
Suppose -14 = -5*s + 2*x, 0*s - 2*s - 5*x + 23 = 0. Let b = 166 + -241. Let c = b - -119. Calculate the highest common factor of c and s.
4
Suppose 0 = -2*x + 6*x - 264. Let l = 304 + -298. What is the highest common factor of x and l?
6
Let m = 161 + -75. What is the greatest common factor of m and 2?
2
Let l(b) = -2*b**3 + 12*b**2 - b + 14. Let i be l(6). Calculate the greatest common factor of 296 and i.
8
Let y be 669 - (6 + -9 - -8). What is the greatest common divisor of 83 and y?
83
Let k = -110 - -115. Suppose k*l - 4*i = -2*i + 11, -2*i = -2*l + 8. Calculate the highest common factor of l and 5.
1
Let y = 8 + -42. Let z = y - -58. Suppose -2*h - 3*h = 2*m - 36, 4*h = -m + z. Calculate the greatest common factor of m and 8.
8
Suppose 0 = -4*l - l + 25. Suppose 4*g + 3*d = 63, 0 = -l*g + d - 5*d + 80. What is the greatest common factor of 36 and g?
12
Let l = 773 - 478. Calculate the highest common factor of 118 and l.
59
Let d be 207 - (-1 - (-3)/1). Suppose -7*k + 234 = -53. Calculate the greatest common factor of d and k.
41
Let g = 70 + -70. Let w = 28 + g. Calculate the highest common factor of w and 70.
14
Suppose -50*a - 162 = -52*a. Let p be a/21 - 1/(-7). Calculate the highest common factor of 28 and p.
4
Let x = 150 + -282. Let r = x + 178. Calculate the highest common factor of 69 and r.
23
Suppose 44*x = 1543 + 6817. What is the highest common factor of 57 and x?
19
Let x(f) = 144*f - 56. Let c be x(1). What is the highest common factor of c and 660?
44
Let p be (3*1)/(102/5950). What is the highest common factor of p and 280?
35
Let g = 456 - 425. What is the highest common factor of g and 31?
31
Let p(f) = -f + 1. Let b be p(-3). Let v be -411 - (b + -3 + 0). Let a be 4/14 + v/(-28). What is the greatest common factor of a and 3?
3
Suppose -l = -5*t - 24, -6 = 3*l - t - 134. What is the highest common divisor of 220 and l?
44
Suppose 44*p - 12816 = 32*p. Calculate the highest common factor of 12 and p.
12
Let h be (-228)/(-14) - (120/(-42))/(-10). Suppose -19*k = -h*k - 594. What is the highest common factor of 33 and k?
33
Let t = 78 + 52. Suppose 162*j = 9227 - 803. What is the highest common factor of t and j?
26
Suppose -7*s = -s. Suppose 0 = 3*z - 9 - 0. Let q = z + s. Calculate the highest common divisor of 30 and q.
3
Suppose 0 = 8*n - 342 - 154. Calculate the highest common factor of 62 and n.
62
Suppose 0 = 9*x - 0*x - 234. Let a = x + -14. What is the highest common divisor of 8 and a?
4
Let m(i) = -i**3 + 6*i**2 + i. Let j = -4 + 9. Let s be m(j). Let x(d) = d**2 - 11*d + 6. Let p be x(11). Calculate the highest common factor of p and s.
6
Suppose -1 = b - 3*j, 3*b + 2*j - 15 = -7. Suppose 16 + 56 = b*r. Let h be (-3)/9 + (-73)/(-3). What is the highest common divisor of r and h?
12
Let s be (1 - -1)*4 + -4. Calculate the highest common divisor of s and 192.
4
Let i be 15/2*(-42)/(-35). Let h = 22 - i. Calculate the greatest common factor of h and 78.
13
Let u(j) = -2*j**3 - 9*j**2 - 1. Let l be u(-7). Calculate the highest common factor of l and 61.
61
Let w be (-10695)/(-195) + (-4)/(-26). Let d = w - 45. What is the greatest common divisor of d and 5?
5
Let f = 180 + 108. Calculate the greatest common factor of f and 9.
9
Let a = 79 + -75. Suppose -15*o - a = -17*o. What is the highest common divisor of 26 and o?
2
Let w = 131 + -86. Calculate the greatest common factor of 285 and w.
15
Suppose -35 = -2*t - 3*t. Let r(i) = 2*i - 7. Suppose 5*w - 28 = 3*w. Let z be r(w). What is the greatest common divisor of t and z?
7
Suppose -10*o + 7*o - 81 = 0. Let c = o - -38. What is the greatest common factor of c and 121?
11
Suppose -2*p - 360 + 30 = 0. Let v = -5 - p. What is the greatest common divisor of 20 and v?
20
Let z(w) = w**3 - 6*w**2 + 2*w - 7. Let k be z(6). Suppose -4*o + 248 = 2*h, -k*h + 97 = 3*o - 103. What is the greatest common divisor of o and 20?
20
Let b be ((-448)/(-6))/(6/9). What is the highest common divisor of 168 and b?
56
Let u = 29 - 25. Suppose x + 5 - 7 = 0, x - 210 = -u*t. What is the highest common factor of 416 and t?
52
Suppose 5*m = 4*n + 2*m + 63, 3*n + 2*m = -60. Let x be (n/(-12))/(-3*(-2)/20). What is the highest common factor of x and 2?
1
Let m(y) = y**2 - y + 5. Let i be m(-5). Let q be -1 + 6 + -1 + 1. Suppose -q*g + 7 = -4*g. What is the greatest common factor of g and i?
7
Suppose u = 8*u - 5*u. Suppose -2*t = -4*o, t - 3*o - 2 + 7 = 0. Suppose 4*p - t*p + 216 = u. Calculate the highest common divisor of p and 18.
18
Suppose 2*b + 3*t - 148 = 0, 4*t = -2*b - 3*b + 363. Let v = b + -31. What is the highest common factor of 10 and v?
10
Suppose -5*k + 2 + 13 = 5*w, 2*k = w - 6. Suppose -3*t = -w*t + v + 125, -5*v = -15. What is the greatest common factor of 16 and t?
16
Let b be 459/(-2 + -2*3/(-12)). Let l = 441 + b. What is the greatest common divisor of 27 and l?
27
Suppose -7*g + 250 = 96. Suppose 0 = -u - 2*u + 33. What is the highest common factor of u and g?
11
Let x = 240 - 234. Calculate the greatest common divisor of x and 282.
6
Suppose 7*g - 12 = 366. What is t